7.
247
What is the greatest common factor of 93 and 283278?
93
Calculate the greatest common divisor of 140 and 30695.
35
Calculate the highest common divisor of 498 and 96280.
166
Calculate the highest common divisor of 215334 and 2394.
126
What is the greatest common divisor of 26433 and 15147?
297
Calculate the highest common divisor of 275959 and 2608.
163
What is the greatest common factor of 144 and 44976?
48
Calculate the greatest common divisor of 5771 and 65540.
29
Calculate the greatest common divisor of 55223 and 483.
161
Calculate the highest common factor of 152047 and 4669.
203
What is the greatest common factor of 11733 and 15?
3
Calculate the greatest common factor of 2899 and 8333.
13
What is the highest common divisor of 73278 and 1656?
414
Calculate the greatest common divisor of 48888 and 48209.
679
Calculate the highest common factor of 174 and 100804.
58
What is the highest common factor of 14 and 9079?
7
What is the highest common factor of 112 and 1470064?
16
Calculate the greatest common divisor of 10788 and 203.
29
What is the highest common divisor of 1440336 and 1036?
148
Calculate the highest common factor of 144 and 105957.
9
Calculate the greatest common divisor of 33316 and 8.
4
What is the highest common divisor of 150215 and 65?
65
What is the greatest common factor of 37 and 959521?
37
Calculate the highest common factor of 1196903 and 1263.
421
What is the greatest common factor of 1426360 and 8?
8
What is the highest common divisor of 7896 and 4536?
168
Calculate the highest common divisor of 1600 and 1656200.
200
What is the greatest common factor of 62 and 9335402?
62
What is the highest common divisor of 11 and 1959661?
11
Calculate the greatest common divisor of 49 and 46571.
7
What is the greatest common divisor of 355890 and 60?
30
What is the greatest common divisor of 25440 and 15360?
480
What is the highest common factor of 25187 and 1415?
283
Calculate the greatest common factor of 9291 and 1140.
57
Calculate the greatest common factor of 31 and 49321.
31
What is the highest common factor of 266 and 6631?
19
Calculate the greatest common factor of 1795 and 384848.
359
Calculate the greatest common divisor of 2607970 and 290.
290
What is the greatest common factor of 5960 and 48425?
745
What is the highest common divisor of 106775 and 75?
25
Calculate the highest common divisor of 791 and 97097.
7
What is the highest common factor of 212 and 88828?
212
What is the highest common divisor of 6232 and 55432?
328
Calculate the highest common factor of 357 and 6052578.
357
What is the greatest common divisor of 248 and 27404?
124
Calculate the greatest common factor of 9960 and 600.
120
What is the greatest common divisor of 245 and 625?
5
Calculate the highest common divisor of 419682 and 1582.
226
Calculate the greatest common divisor of 1239 and 84147.
21
Calculate the highest common factor of 401788 and 12.
4
Calculate the highest common factor of 76671 and 63.
63
Calculate the greatest common factor of 118455 and 1043.
149
What is the greatest common factor of 144441 and 22?
11
What is the greatest common factor of 21952 and 9261?
343
Calculate the highest common factor of 155940 and 3450.
690
What is the greatest common divisor of 1391782 and 28658?
1246
Calculate the highest common factor of 221 and 19023.
17
Calculate the highest common factor of 4326 and 1869.
21
Calculate the highest common divisor of 96511 and 29984.
937
What is the greatest common divisor of 18391 and 583?
53
Calculate the highest common divisor of 700 and 10556.
28
What is the greatest common factor of 2601 and 657?
9
Calculate the highest common factor of 4738701 and 11.
11
What is the highest common factor of 3498 and 13250?
106
What is the greatest common divisor of 79 and 441689?
79
Calculate the highest common factor of 3624 and 3078588.
1812
Calculate the highest common factor of 24 and 765858.
6
What is the highest common divisor of 10 and 34195?
5
Calculate the greatest common divisor of 334 and 309117.
167
Calculate the greatest common factor of 165 and 530871.
33
What is the highest common factor of 49476 and 465?
93
What is the greatest common factor of 3 and 28983?
3
What is the greatest common divisor of 45 and 84573?
9
Calculate the greatest common divisor of 6 and 53902.
2
Calculate the greatest common factor of 467 and 6014026.
467
What is the greatest common factor of 11049 and 1143?
381
What is the highest common factor of 116 and 2900?
116
Calculate the greatest common divisor of 16 and 562736.
16
Calculate the highest common factor of 7475 and 16675.
575
Calculate the greatest common divisor of 4064 and 6432.
32
Calculate the greatest common divisor of 102 and 270.
6
What is the greatest common divisor of 4305 and 92824?
41
What is the highest common divisor of 17788 and 24?
4
Calculate the greatest common factor of 618 and 381306.
618
Calculate the highest common factor of 59068 and 116.
4
What is the greatest common factor of 536595 and 16185?
1245
What is the greatest common divisor of 13780 and 1180946?
1378
What is the greatest common factor of 96080 and 20?
20
What is the greatest common divisor of 37422 and 7938?
1134
What is the highest common divisor of 4356 and 8756?
44
Calculate the greatest common divisor of 30 and 34725.
15
Calculate the highest common factor of 1916 and 5269.
479
Calculate the greatest common divisor of 407 and 116897.
11
Calculate the highest common factor of 1358189 and 7.
7
Calculate the highest common divisor of 169 and 2691.
13
Calculate the highest common factor of 105955 and 5.
5
What is the greatest common factor of 2340 and 3622788?
468
What is the greatest common factor of 7427589 and 26?
13
What is the greatest common divisor of 190 and 31660?
10
What is the highest common factor of 1316 and 3886477?
329
What is the highest common factor of 2470 and 910?
130
What is the highest common divisor of 205 and 464489?
41
What is the highest common factor of 22 and 4462733?
11
What is the greatest common divisor of 128772 and 392?
196
Calculate the greatest common divisor of 19 and 7005072.
19
What is the highest common divisor of 114621 and 39?
39
What is the highest common divisor of 410816 and 16?
16
What is the greatest common factor of 5531167 and 37?
37
Calculate the highest common factor of 21653 and 6973.
367
What is the highest common factor of 11 and 128337?
11
What is the greatest common divisor of 74 and 503422?
74
What is the greatest common divisor of 1876 and 117652?
268
Calculate the greatest common divisor of 3084 and 36.
12
What is the greatest common divisor of 266 and 227696?
266
What is the highest common divisor of 116684 and 3968?
124
What is the highest common divisor of 7824064 and 64?
64
What is the greatest common factor of 100 and 27925?
25
What is the highest common factor of 1501743 and 2298?
1149
Calculate the highest common factor of 7663 and 79.
79
Calculate the highest common divisor of 24 and 5972.
4
What is the greatest common divisor of 44160 and 15640?
920
Calculate the highest common factor of 226616 and 468.
52
What is the highest common factor of 2117 and 32120?
73
Calculate the highest common factor of 78650 and 1560.
130
What is the highest common divisor of 1774105 and 460?
115
Calculate the highest common factor of 2871 and 80127.
261
Calculate the highest common divisor of 8409 and 9.
3
Calculate the highest common factor of 8183465 and 265.
265
What is the highest common factor of 39375 and 225?
225
Calculate the highest common factor of 488223 and 153.
153
What is the highest common factor of 2364 and 453100?
788
What is the greatest common divisor of 44 and 132121?
11
What is the highest common divisor of 3189720 and 45?
15
What is the greatest common divisor of 136 and 78778?
34
What is the greatest common divisor of 206 and 3529192?
206
Calculate the greatest common divisor of 7 and 447601.
7
What is the greatest common factor of 6182 and 1694?
22
Calculate the greatest common factor of 1332 and 93573.
333
Calculate the highest common factor of 72 and 190848.
24
Calculate the greatest common factor of 720 and 16896.
48
Calculate the greatest common factor of 90993 and 399.
21
What is the highest common divisor of 18